{"id":525,"date":"2025-12-16T15:40:12","date_gmt":"2025-12-16T14:40:12","guid":{"rendered":"https:\/\/eternel.at\/?post_type=product&#038;p=525"},"modified":"2025-12-19T12:11:48","modified_gmt":"2025-12-19T11:11:48","slug":"bio-koerperbutter-100ml","status":"publish","type":"product","link":"https:\/\/eternel.at\/?product=bio-koerperbutter-100ml","title":{"rendered":"K\u00f6rperbutter 100ml"},"content":{"rendered":"<p data-start=\"595\" data-end=\"941\">Die <strong data-start=\"599\" data-end=\"622\">K\u00f6rperbutter 100\u202fml<\/strong> von \u00e9ternel ist eine luxuri\u00f6se Pflege f\u00fcr trockene, strapazierte Haut. Hochwertige Pflanzen- und Nussbutter wie Sheabutter, Kakaobutter und Kokos\u00f6l versorgen die Haut intensiv mit Feuchtigkeit und unterst\u00fctzen die Regeneration, w\u00e4hrend Argan- und Kaktusfeigenkern\u00f6l die Haut geschmeidig, straff und elastisch machen.<\/p>\n<p data-start=\"943\" data-end=\"1271\">Die reichhaltige Textur eignet sich ideal f\u00fcr die t\u00e4gliche Pflege nach dem Baden oder Duschen. Sie l\u00e4sst sich leicht einmassieren, zieht schnell ein und hinterl\u00e4sst keinen fettigen Film. Besonders trockene F\u00fc\u00dfe profitieren von der pflegenden Wirkung \u2013 die K\u00f6rperbutter kann hier auch als luxuri\u00f6se Fu\u00dfpackung verwendet werden.<\/p>\n<p data-start=\"1273\" data-end=\"1419\">Die zart duftende Mischung sorgt f\u00fcr ein sinnliches Pflegeerlebnis, das die Haut samtweich macht und ihr einen gesunden, vitalen Teint verleiht.<\/p>\n<p data-start=\"1421\" data-end=\"1541\"><strong data-start=\"1421\" data-end=\"1435\">Anwendung:<\/strong><br data-start=\"1435\" data-end=\"1438\" \/>Nach dem Baden oder Duschen in die noch feuchte Haut mit sanften, kreisenden Bewegungen einmassieren.<\/p>\n<p data-start=\"1543\" data-end=\"1696\"><strong data-start=\"1543\" data-end=\"1561\">Eigenschaften:<\/strong><br data-start=\"1561\" data-end=\"1564\" \/>\u2013 vegan<br data-start=\"1571\" data-end=\"1574\" \/>\u2013 plastikfrei<br data-start=\"1587\" data-end=\"1590\" \/>\u2013 ohne synthetische Duft-, Zusatz- und Konservierungsstoffe<br data-start=\"1649\" data-end=\"1652\" \/>\u2013 ohne Erd\u00f6lderivate<br data-start=\"1672\" data-end=\"1675\" \/>\u2013 ohne Tierversuche<\/p>\n","protected":false},"excerpt":{"rendered":"<p>Die K\u00f6rperbutter <strong data-start=\"251\" data-end=\"261\">100\u202fml<\/strong> von \u00e9ternel spendet intensive Feuchtigkeit, wirkt regenerierend und pflegt trockene, strapazierte Haut samtweich und straff. Ideal f\u00fcr den ganzen K\u00f6rper, besonders trockene F\u00fc\u00dfe, zieht die reichhaltige Textur schnell ein und hinterl\u00e4sst ein geschmeidiges, gepflegtes Hautgef\u00fchl.<\/p>\n<p data-start=\"1543\" data-end=\"1696\">\n","protected":false},"featured_media":526,"comment_status":"open","ping_status":"closed","template":"","meta":[],"product_brand":[],"product_cat":[39],"product_tag":[],"class_list":{"0":"post-525","1":"product","2":"type-product","3":"status-publish","4":"has-post-thumbnail","6":"product_cat-koerper","8":"first","9":"instock","10":"taxable","11":"shipping-taxable","12":"purchasable","13":"product-type-simple"},"_links":{"self":[{"href":"https:\/\/eternel.at\/index.php?rest_route=\/wp\/v2\/product\/525","targetHints":{"allow":["GET"]}}],"collection":[{"href":"https:\/\/eternel.at\/index.php?rest_route=\/wp\/v2\/product"}],"about":[{"href":"https:\/\/eternel.at\/index.php?rest_route=\/wp\/v2\/types\/product"}],"replies":[{"embeddable":true,"href":"https:\/\/eternel.at\/index.php?rest_route=%2Fwp%2Fv2%2Fcomments&post=525"}],"wp:featuredmedia":[{"embeddable":true,"href":"https:\/\/eternel.at\/index.php?rest_route=\/wp\/v2\/media\/526"}],"wp:attachment":[{"href":"https:\/\/eternel.at\/index.php?rest_route=%2Fwp%2Fv2%2Fmedia&parent=525"}],"wp:term":[{"taxonomy":"product_brand","embeddable":true,"href":"https:\/\/eternel.at\/index.php?rest_route=%2Fwp%2Fv2%2Fproduct_brand&post=525"},{"taxonomy":"product_cat","embeddable":true,"href":"https:\/\/eternel.at\/index.php?rest_route=%2Fwp%2Fv2%2Fproduct_cat&post=525"},{"taxonomy":"product_tag","embeddable":true,"href":"https:\/\/eternel.at\/index.php?rest_route=%2Fwp%2Fv2%2Fproduct_tag&post=525"}],"curies":[{"name":"wp","href":"https:\/\/api.w.org\/{rel}","templated":true}]}}